?
207
What is the remainder when 9842434 is divided by 3271?
3266
What is the remainder when 832100 is divided by 8946?
122
Calculate the remainder when 3710793 is divided by 1586.
1139
Calculate the remainder when 28173 is divided by 9251.
420
What is the remainder when 89860503 is divided by 10?
3
Calculate the remainder when 101737 is divided by 25427.
29
Calculate the remainder when 1765083 is divided by 2784.
27
What is the remainder when 251529 is divided by 6977?
357
Calculate the remainder when 32104683 is divided by 844860.
3
What is the remainder when 808696 is divided by 555?
61
Calculate the remainder when 6633032 is divided by 34.
6
Calculate the remainder when 4628568 is divided by 33.
21
What is the remainder when 3468604 is divided by 940?
4
Calculate the remainder when 1886768 is divided by 211.
6
Calculate the remainder when 20595064 is divided by 1584229.
87
What is the remainder when 91292 is divided by 5064?
140
What is the remainder when 565578769 is divided by 347?
346
What is the remainder when 61233 is divided by 91?
81
Calculate the remainder when 2740 is divided by 838.
226
Calculate the remainder when 595378 is divided by 511.
63
Calculate the remainder when 24336800 is divided by 111.
50
Calculate the remainder when 586367 is divided by 13323.
155
Calculate the remainder when 74553909 is divided by 8228.
1
What is the remainder when 829774 is divided by 42?
22
Calculate the remainder when 467506588 is divided by 16.
12
Calculate the remainder when 6743570 is divided by 69.
62
Calculate the remainder when 191034 is divided by 10647.
10035
Calculate the remainder when 3429283197 is divided by 600.
597
Calculate the remainder when 32137232 is divided by 65.
62
What is the remainder when 678306 is divided by 84767?
170
Calculate the remainder when 2795899 is divided by 20.
19
What is the remainder when 33868316 is divided by 486?
434
What is the remainder when 43815 is divided by 10904?
199
Calculate the remainder when 2267930449 is divided by 3511.
3510
Calculate the remainder when 2916921 is divided by 137.
54
Calculate the remainder when 198775 is divided by 608.
567
What is the remainder when 1309338 is divided by 1821?
39
What is the remainder when 445609 is divided by 2732?
293
Calculate the remainder when 135631 is divided by 4101.
298
Calculate the remainder when 171092 is divided by 56712.
956
Calculate the remainder when 54264 is divided by 1974.
966
Calculate the remainder when 1481873 is divided by 114.
101
What is the remainder when 113528 is divided by 489?
80
What is the remainder when 50603 is divided by 7116?
791
Calculate the remainder when 4983112 is divided by 432.
424
What is the remainder when 12226771 is divided by 5013?
64
Calculate the remainder when 156078901 is divided by 17.
14
What is the remainder when 1407574 is divided by 1952?
182
What is the remainder when 1187036 is divided by 128?
92
Calculate the remainder when 13194379 is divided by 3215.
19
What is the remainder when 1501030 is divided by 375162?
382
What is the remainder when 69083 is divided by 4467?
2078
Calculate the remainder when 1300325 is divided by 209.
136
What is the remainder when 638235 is divided by 126264?
6915
Calculate the remainder when 399762 is divided by 374.
330
What is the remainder when 917047 is divided by 4226?
5
Calculate the remainder when 752711 is divided by 501.
209
What is the remainder when 1431991 is divided by 6834?
3685
Calculate the remainder when 87614242 is divided by 2052.
2050
Calculate the remainder when 107529 is divided by 35587.
768
Calculate the remainder when 9718691 is divided by 111.
86
What is the remainder when 2068870 is divided by 636?
598
Calculate the remainder when 16755750 is divided by 46.
20
What is the remainder when 384218 is divided by 191247?
1724
Calculate the remainder when 155110 is divided by 155095.
15
Calculate the remainder when 728345 is divided by 727656.
689
Calculate the remainder when 39883757 is divided by 112.
109
Calculate the remainder when 119341 is divided by 584.
205
Calculate the remainder when 8102973 is divided by 32.
29
Calculate the remainder when 14838933 is divided by 4946279.
96
What is the remainder when 4901767 is divided by 329?
325
Calculate the remainder when 9454825 is divided by 3151604.
13
What is the remainder when 134653 is divided by 12236?
57
Calculate the remainder when 1964808 is divided by 357.
237
What is the remainder when 36481912 is divided by 397?
391
What is the remainder when 1458452 is divided by 1001?
996
What is the remainder when 712938 is divided by 406?
2
Calculate the remainder when 687562 is divided by 2707.
2691
Calculate the remainder when 132004 is divided by 2030.
54
What is the remainder when 1885110 is divided by 278?
270
Calculate the remainder when 121157565 is divided by 1194.
1191
Calculate the remainder when 8654681 is divided by 20.
1
Calculate the remainder when 38593 is divided by 5530.
5413
Calculate the remainder when 159747593 is divided by 932.
929
What is the remainder when 2124021 is divided by 207?
201
What is the remainder when 20079 is divided by 436?
23
What is the remainder when 2165589 is divided by 721845?
54
Calculate the remainder when 975360 is divided by 48766.
40
Calculate the remainder when 2084314 is divided by 78.
76
Calculate the remainder when 540207468 is divided by 85.
83
Calculate the remainder when 49063463 is divided by 1004.
995
Calculate the remainder when 22268 is divided by 1163.
171
What is the remainder when 6094647 is divided by 1993?
53
What is the remainder when 340311 is divided by 328?
175
Calculate the remainder when 9863 is divided by 2210.
1023
What is the remainder when 5618729 is divided by 193749?
8
Calculate the remainder when 11465 is divided by 3982.
3501
What is the remainder when 1031312 is divided by 257826?
8
What is the remainder when 28237711 is divided by 1241?
1238
What is the remainder when 1177627 is divided by 392087?
1366
What is the remainder when 183536111 is divided by 29?
12
Calculate the remainder when 337411 is divided by 168665.
81
Calculate the remainder when 34066888 is divided by 1028.
1024
What is the remainder when 30088094 is divided by 142?
140
Calculate the remainder when 22458259 is divided by 109.
8
Calculate the remainder when 2031938 is divided by 849.
281
Calculate the remainder when 1035038752 is divided by 2493.
2491
What is the remainder when 7231765 is divided by 51289?
16
What is the remainder when 4866679 is divided by 3823?
0
Calculate the remainder when 1311827 is divided by 187393.
76
Calculate the remainder when 27345794 is divided by 302.
298
What is the remainder when 13691073 is divided by 12?
9
Calculate the remainder when 24761 is divided by 3735.
2351
What is the remainder when 275108 is divided by 1752?
44
Calculate the remainder when 234735 is divided by 19551.
123
What is the remainder when 449206879 is divided by 449206870?
9
What is the remainder when 4858257 is divided by 34?
31
Calculate the remainder when 15582 is divided by 140.
42
Calculate the remainder when 1038007 is divided by 2245.
817
Calculate the remainder when 291459 is divided by 5483.
860
Calculate the remainder when 706471 is divided by 7748.
1403
Calculate the remainder when 144069 is divided by 35966.
205
Calculate the remainder when 2891903 is divided by 115.
113
Calculate the remainder when 437600 is divided by 23031.
11
What is the remainder when 2491500 is divided by 521?
78
What is the remainder when 18283307 is divided by 17281?
9
Calculate the remainder when 33208567 is divided by 41930.
7
Calculate the remainder when 47719507 is divided by 15906498.
13
Calculate the remainder when 1270595 is divided by 2775.
2420
Calculate the remainder when 26707081 is divided by 381527.
191
What is the remainder when 16895037 is divided by 718?
497
What is the remainder when 117867 is divided by 14368?
2923
Calculate the remainder when 21991684 is divided by 120.
4
What is the remainder when 1380700 is divided by 196?
76
What is the remainder when 6418482 is divided by 13?
5
What is the remainder when 1870332 is divided by 771?
657
What is the remainder when 339747155 is divided by 5660?
5655
Calculate the remainder when 1427813 is d